st common divisor of 207613 and 6517?
931
Calculate the greatest common factor of 1078 and 35084.
98
Calculate the greatest common factor of 1155 and 127365.
105
Calculate the greatest common divisor of 7203 and 1617.
147
Calculate the greatest common divisor of 11935 and 24552.
341
Calculate the greatest common divisor of 4960 and 10168.
248
Calculate the greatest common factor of 7 and 3711834.
7
Calculate the highest common factor of 20133 and 15.
3
Calculate the highest common divisor of 8925 and 670.
5
What is the highest common divisor of 835594 and 1744?
218
What is the greatest common divisor of 345 and 106375?
115
Calculate the greatest common divisor of 65 and 33163.
13
Calculate the greatest common factor of 6 and 372738.
6
Calculate the greatest common factor of 261 and 2263885.
29
What is the greatest common factor of 25312 and 34013?
791
Calculate the highest common factor of 800571 and 3.
3
Calculate the highest common divisor of 5390 and 1120.
70
Calculate the greatest common divisor of 276115 and 69.
23
Calculate the greatest common divisor of 51143 and 1194.
199
What is the greatest common divisor of 33 and 73612?
11
What is the highest common divisor of 99720 and 162?
18
Calculate the greatest common factor of 163705 and 232.
29
Calculate the highest common factor of 1572457 and 212.
53
Calculate the greatest common factor of 34452 and 1798.
58
Calculate the highest common factor of 326206 and 2319.
773
What is the greatest common divisor of 138510 and 795?
15
What is the greatest common factor of 93078 and 18?
18
Calculate the greatest common factor of 121 and 20438.
11
What is the greatest common factor of 133 and 2513?
7
What is the highest common divisor of 108 and 680436?
36
What is the greatest common divisor of 105 and 57792?
21
What is the greatest common divisor of 500 and 64100?
100
What is the greatest common factor of 336 and 1496432?
112
What is the highest common factor of 142800 and 1344?
336
What is the highest common divisor of 5555131 and 82?
41
Calculate the greatest common divisor of 2520 and 8472.
24
What is the greatest common divisor of 59560 and 520?
40
What is the greatest common divisor of 50293 and 19?
19
Calculate the greatest common divisor of 139771 and 46.
23
What is the highest common divisor of 330 and 350790?
330
Calculate the highest common factor of 3298 and 5168.
34
Calculate the highest common factor of 18432 and 7344.
144
Calculate the highest common factor of 304 and 2608.
16
Calculate the greatest common factor of 490 and 7639345.
245
Calculate the highest common factor of 37136 and 99.
11
Calculate the highest common divisor of 16776 and 39168.
72
What is the highest common divisor of 1719 and 99?
9
Calculate the highest common divisor of 196 and 91385.
49
Calculate the highest common factor of 3303 and 117.
9
What is the highest common factor of 1222 and 13254?
94
What is the greatest common divisor of 819 and 111?
3
What is the greatest common factor of 5810 and 560?
70
What is the greatest common divisor of 54207 and 2219?
317
What is the greatest common divisor of 2745556 and 1012?
1012
What is the highest common divisor of 260 and 85332?
52
What is the greatest common divisor of 11491 and 1?
1
Calculate the greatest common divisor of 21819 and 5271.
21
What is the greatest common factor of 1846 and 994?
142
What is the greatest common divisor of 1594 and 679841?
797
What is the greatest common divisor of 36844 and 7097?
151
What is the greatest common divisor of 22 and 12861145?
11
Calculate the greatest common divisor of 429 and 43056.
39
What is the greatest common factor of 42290 and 40?
10
What is the highest common factor of 186 and 1681998?
186
What is the highest common divisor of 38 and 546269?
19
Calculate the greatest common factor of 30644 and 13536.
188
Calculate the highest common factor of 175 and 76825.
175
What is the greatest common divisor of 12118 and 7636?
166
Calculate the greatest common factor of 9408 and 14994.
294
What is the highest common factor of 998724 and 12?
12
Calculate the greatest common factor of 1059729 and 51.
51
What is the greatest common divisor of 66 and 273174?
66
What is the greatest common factor of 202 and 1432988?
202
Calculate the greatest common factor of 752 and 8816.
16
What is the greatest common factor of 2019 and 285352?
673
Calculate the greatest common divisor of 89544 and 208.
104
What is the highest common divisor of 134 and 1884509?
67
What is the highest common divisor of 11495 and 665?
95
Calculate the highest common divisor of 37289 and 28.
7
Calculate the highest common factor of 208448 and 352.
32
What is the highest common factor of 228 and 23916?
12
Calculate the greatest common divisor of 3893 and 543417.
229
What is the greatest common factor of 3710 and 98?
14
Calculate the greatest common factor of 489264 and 4.
4
Calculate the greatest common divisor of 384 and 5202624.
192
Calculate the highest common divisor of 12 and 13308.
12
What is the greatest common factor of 6815 and 25?
5
What is the greatest common factor of 20 and 127130?
10
What is the highest common divisor of 22302 and 4374?
54
Calculate the highest common divisor of 244 and 188.
4
What is the highest common divisor of 440 and 455752?
88
What is the highest common factor of 12023064 and 144?
72
Calculate the greatest common factor of 308 and 504416.
44
Calculate the highest common divisor of 6162 and 100488.
474
What is the highest common factor of 169469 and 137?
137
What is the highest common factor of 66180 and 19140?
60
Calculate the greatest common divisor of 39 and 471913.
13
What is the highest common divisor of 52 and 38116?
52
Calculate the highest common factor of 560 and 5845.
35
What is the highest common divisor of 571 and 129046?
571
Calculate the highest common factor of 1392 and 371200.
464
What is the highest common divisor of 2045930 and 109?
109
What is the greatest common divisor of 1225959 and 21?
21
Calculate the greatest common divisor of 1342 and 1464.
122
What is the highest common divisor of 5316845 and 998?
499
Calculate the highest common divisor of 18564 and 2244.
204
Calculate the greatest common factor of 27 and 222561.
27
Calculate the greatest common divisor of 36582 and 21909.
201
Calculate the greatest common factor of 32820 and 4.
4
Calculate the highest common factor of 617 and 134.
1
Calculate the greatest common divisor of 658 and 23359.
329
What is the greatest common divisor of 5168 and 7524?
76
Calculate the highest common divisor of 2968130 and 223.
223
What is the greatest common factor of 112 and 943536?
16
Calculate the highest common divisor of 6149 and 442.
13
Calculate the highest common factor of 6370 and 1003730.
910
What is the greatest common divisor of 3321857 and 2156?
539
Calculate the highest common divisor of 3493312 and 128.
64
Calculate the greatest common divisor of 663 and 109854.
51
What is the highest common factor of 6882 and 254262?
186
What is the greatest common divisor of 10 and 985?
5
What is the highest common divisor of 777 and 6734?
259
What is the highest common factor of 4 and 11962?
2
What is the highest common factor of 1856 and 4672?
64
What is the greatest common divisor of 57 and 35264?
19
Calculate the highest common factor of 369 and 1656.
9
What is the highest common divisor of 1593285 and 15?
15
Calculate the highest common factor of 3426 and 12.
6
Calculate the highest common divisor of 6512 and 5846.
74
What is the greatest common divisor of 1659 and 3713?
79
Calculate the highest common factor of 4444 and 404.
404
What is the greatest common divisor of 1097093 and 788?
197
What is the highest common divisor of 15 and 1014840?
15
Calculate the greatest common divisor of 128 and 12152.
8
What is the highest common factor of 1562 and 7100?
142
Calculate the highest common factor of 9994 and 988.
38
What is the highest common factor of 976 and 4453?
61
What is the greatest common divisor of 8826 and 84?
6
What is the highest common factor of 1218 and 252?
42
What is the highest common divisor of 4 and 67028?
4
What is the greatest common factor of 3 and 16329?
3
Calculate the highest common divisor of 1268 and 72593.
317
What is the highest common divisor of